late the remainder when 368 is divided by j.
10
Let i be 36/10 - 12/(-90)*3. Suppose 0 = -i*z + 7 + 5. Suppose -z*p + 35 + 133 = 0. What is the remainder when p is divided by 30?
26
Let u(o) = -14*o + 51. Let w be u(-13). Let y = w - 66. What is the remainder when y is divided by 17?
14
Suppose 0*r = -2*r + 118. Let j be (-107)/(-214)*23*2. What is the remainder when (r/(-5))/(j/(-115)) is divided by 15?
14
Suppose -1202 - 198 = -4*z. Calculate the remainder when z is divided by (16 - (-1 - -3)) + 4/2.
14
Let c = -770 + 773. Let v(m) = m + 7. Let s(p) = p**3 - 6*p**2 - 5. Let t be s(6). What is the remainder when c is divided by v(t)?
1
Suppose -321860 = 27*g - 47*g. Calculate the remainder when g is divided by 16.
13
Suppose -2*q + 809 = -3*h, -5*q + 2*h + 1337 + 669 = 0. Suppose -9*v - v = -q. What is the remainder when v is divided by 33?
7
Let l = -88 - -332. What is the remainder when l is divided by (-2988)/(-72) - (-3)/(-6)?
39
Suppose 5*f = 4*a - 5637, 6165*f - 2814 = -2*a + 6167*f. Calculate the remainder when 1410 is divided by a.
12
Suppose 0*m + 2 = 5*a + 2*m, 5*m = -a - 18. Let n(g) = 5*g**2 - 6*g + 7. Calculate the remainder when 65 is divided by n(a).
5
What is the remainder when 1600 is divided by -1170 - -1200 - (-1)/((-2)/6)?
7
Let l(h) = h**3 + 6*h**2 - 2*h - 6. Let m be l(-6). Suppose 0 = -m*f + f + 100. Calculate the remainder when 3362/34 - (-212)/1802 is divided by f.
19
Suppose -o - o = -138. Suppose 5*p + 2*w + 27 = 338, p = 3*w + o. Let h = p + -40. Calculate the remainder when 135 is divided by h.
20
Suppose r - 16 = -3*r. Let f(c) be the first derivative of -c**2 + 18*c - 664. Calculate the remainder when 16 is divided by f(r).
6
Suppose 0 = -32*k + 2189 + 2604 + 2087. Calculate the remainder when 858 is divided by k.
213
Suppose 4*t - 928 = -4*a, -a - 804 + 116 = -3*t. What is the remainder when 232 is divided by t?
2
Let v = 45 - 50. Let m be 2/v - (19556/10 + 2). Calculate the remainder when ((-2)/(-1))/8 + m/(-8) is divided by 13.
11
Suppose -2*q - 700 = -2*p, 0 = 4*p - 9*q + 8*q - 1394. Let l = -341 + p. What is the remainder when 47 is divided by l?
5
Suppose 0 = t + 27*t - 1680. Suppose o - 4*o = -t. What is the remainder when 116 is divided by o?
16
Calculate the remainder when (-30)/(-135) + (-7 - (-44023)/63) is divided by 170.
12
Let s(v) = 29*v - 12. Let o be s(6). Let m(a) = -6*a**2 - 3*a + 10. What is the remainder when (o/(-63))/(2/(-28)) is divided by m(0)?
6
Calculate the remainder when 792 is divided by (-1780)/(-6) - 384/144.
204
Let j = 1189 + -1092. Let x(g) = -g**3 + 6*g**2 + 3*g + 7. What is the remainder when j is divided by x(6)?
22
Let p = 94 - 25. What is the remainder when p is divided by (450/66 - 7)*-55?
9
Suppose t - 17 = 4*f, 4*t + 4*f - 68 = 6*f. Calculate the remainder when 384 is divided by t.
10
Let s = -124 + 149. Suppose -46*c + 3717 = -s*c. What is the remainder when c is divided by 15?
12
Let v = -665 - -691. Suppose 4*z = 4*j - 40, -28*j = -v*j - 4*z - 18. What is the remainder when 16 is divided by j?
5
Suppose 6237 = 83*l - 1648. Calculate the remainder when 160 is divided by l.
65
Let w = -59 + 493. Suppose 429*l = w*l - 45. What is the remainder when 41 is divided by l?
5
Let r(h) = 4*h - 1. Let o(a) = a - 1. Let g(n) = 28*o(n) - 4*r(n). Let i be g(7). What is the remainder when 0 + i/(-9)*-18 is divided by 41?
38
Suppose -85 = -d - 7*a, -14*d + 10*d + 5*a = -76. What is the remainder when 5126 is divided by d?
22
Let f = 84 - 72. Suppose -2902 - 1502 = -f*l. What is the remainder when l is divided by 37?
34
Suppose 6433 + 1546 = 31*r - 236. Calculate the remainder when 1164 is divided by r.
104
Suppose -5*h + 247 = 222. Suppose -2*o = h*i - 455, 5*i + 4*o = i + 352. Calculate the remainder when i is divided by 16.
13
Let q = -55 - -55. Suppose q = 28*d + 74 - 494. What is the remainder when d is divided by -16*(3/2 - 2)?
7
Let r(f) = f + 13. Suppose m = 3*m + 10. Let w be r(m). Suppose -11*t + 27 = -w*t. What is the remainder when 23 is divided by t?
5
Let i(v) = v**3 - 6*v**2 + 3*v + 12. Let p be i(5). What is the remainder when 58 is divided by 6/10 - (328/(-10))/p?
7
Suppose -126 + 1061 = 5*h. Let v = h - 175. Calculate the remainder when 37 is divided by v.
1
Suppose -1308 - 190 = -7*n. Let w = -173 + n. Calculate the remainder when 201 is divided by w.
37
Let o(i) = -1886*i + 85 - 1886*i + 3775*i. What is the remainder when 18 is divided by o(-26)?
4
Let q = 3421 - 2430. Calculate the remainder when q is divided by 143.
133
Calculate the remainder when -7 + 11 + -5 + -1 + 747 is divided by 25.
20
Suppose 4*w = -4*c + 73 + 115, -2*w + 109 = 5*c. Suppose 42 = -2*d + 5*d. What is the remainder when w is divided by d?
0
Calculate the remainder when (-6)/(-14) - (-19)/(3990/370350) is divided by 5.
4
Let v be (8/6)/((-6)/(-1332)*-4). Let o = v + 83. What is the remainder when o is divided by 3?
0
Suppose y = -4*i - 139, 0*y - i + 779 = -5*y. Let d = -125 - y. Calculate the remainder when 88 is divided by d.
28
Suppose 504 - 2364 = -20*d. Suppose 5*g = 2*i - 77, -i - 2*i + 3*g = -d. Calculate the remainder when 49 is divided by i.
23
Calculate the remainder when ((-57)/38)/((-6)/4548) is divided by 19.
16
Let k = -3799 + 3906. Calculate the remainder when 232 is divided by k.
18
Let i = 459 + -449. Let x = -38 + 47. What is the remainder when (-18)/81 - (-533)/x is divided by i?
9
What is the remainder when (-3*(-13)/(-78))/((-1)/1172) is divided by 82?
12
Suppose 5*n - 841 = 2*v, 0 = -36*n + 40*n - 5*v - 666. What is the remainder when 16054 is divided by n?
168
Let y = -3955 + 4684. Calculate the remainder when y is divided by 20.
9
Let w(q) = 2*q**3 - 13*q**2 + 6*q - 7. Let z be w(8). Let j = z + -217. Suppose 0 = 3*g + 2*g - 145. Calculate the remainder when g is divided by j.
13
Let n = -17319 + 17347. What is the remainder when (-1653)/(-12) - 2/(-8) is divided by n?
26
Let g = 177 + -217. Calculate the remainder when (0 - -1)/(4/412) is divided by 1 + 2 - (-11)/((-44)/g).
12
What is the remainder when -15 + 13 - -7 - -111 is divided by 6?
2
Let d be ((10/6)/(-5))/((-16)/576). Suppose 143*w = 137*w + d. What is the remainder when 6 is divided by w?
0
Let d = -28536 - -28612. Calculate the remainder when d is divided by 26.
24
What is the remainder when 5298 is divided by 6/81 - 2696/(-54)?
48
Suppose -4*t + 4104 - 1132 = 3*m, 2*t - 2*m = 1514. Calculate the remainder when t is divided by 42.
35
Suppose 5*m + l = 448, -4*l - 328 = -5*m + 105. Let n = -1964 + 2060. What is the remainder when n is divided by m?
7
Suppose -k + 45 = 4*k + 3*c, -9 = -k + 3*c. Suppose -251 + 693 = 13*o. What is the remainder when o is divided by k?
7
Let o = 3019 + -2803. What is the remainder when o is divided by 18?
0
Let g(a) = 5*a + 38. Let f be g(-3). Suppose -4*p - 91 = -5*r, -p - 56 = -5*r + f. Calculate the remainder when 42 is divided by r.
12
Suppose -g = 4*g - 5*s - 60, 5*s + 18 = -g. Let b(a) = -21*a + 4. Let d be b(-1). Calculate the remainder when d + -2*5/(-5) is divided by g.
6
Let u(m) = -4*m - 26*m**3 + 11*m - 18*m**3 - 3*m + m**2 + 2. Calculate the remainder when 168 is divided by u(-1).
39
Suppose 11*j - 51 = 8*j. Let a(d) = d**3 + 8*d**2 - 2*d - 6. Suppose 2*w - 5*g + 6 = 0, -3*w - g - 44 = -18. Calculate the remainder when j is divided by a(w).
7
Let s(j) = j**2 - 35*j - 169. What is the remainder when 5731 is divided by s(40)?
27
Suppose -135*t = -116*t - 114. Suppose 0 = -3*b + 5*b - 16. What is the remainder when b is divided by t?
2
Let v = -130 - -462. Suppose -3*d + v = -4*p - 49, 2*d + 2*p = 254. What is the remainder when d is divided by 34?
25
Suppose -62*q + 53*q + 882 = 0. Suppose 6*y - q = 202. What is the remainder when 193 is divided by y?
43
Suppose -13 = 4*g + 35. Let s be (g/(-8))/((-9)/(-48)). Suppose s*z - 6*z - 46 = 0. Calculate the remainder when 87 is divided by z.
18
Let f = 150 - 117. Let b = 96 + 32. Calculate the remainder when b is divided by f.
29
Let b(j) = 3*j**2 - 10*j - 2. Suppose -46 = a - 3*i - 175, -6*a + 894 = 2*i. Calculate the remainder when a is divided by b(7).
72
Let w = 22 - 24. What is the remainder when (2/(-1))/((-5)/405) is divided by (-101)/(-3) + w/3?
30
Suppose 3*r = -24 + 42. Suppose -r*o - 2*o = -88. Suppose 370 